. Suppose q = 2*a - 1, 12 = 3*a + 7*q - 5*q. What is the greatest common factor of v and a?
2
Let z = -739 + 742. Let a = -1 - -6. Suppose 0 = -a*p + 5 + 5. Calculate the greatest common divisor of p and z.
1
Suppose 0 = -y - 2*c + 14, 5*c = -4*y + 4*c + 28. Suppose y*r - 5*r = -81. Let h = r - -86. Calculate the highest common divisor of 5 and h.
5
Let y(p) = -6*p - 14. Let x be y(-17). Let r be 1122/x - 3/4. Let d = 73 - 13. Calculate the greatest common divisor of r and d.
12
Let v be 5 + 3 + 765 + 5. Suppose -5*u = -v + 183. What is the highest common divisor of 7 and u?
7
Suppose 3*a - 150 = 2*a. Let s = 438 - 434. Suppose 192 = 3*f + 3*v, f - 308 = -s*f - 2*v. Calculate the greatest common divisor of a and f.
30
Let p(w) = 7*w**2 + 24*w + 25. Let f be p(-1). Suppose -f*n + 2799 = -3105. What is the greatest common divisor of n and 82?
82
Let j(d) = 11*d**2 + 2*d - 1. Let b(x) = -2*x - 8. Let s be b(-3). Let v be (-30)/20*s/3. Let w be j(v). Calculate the highest common divisor of w and 12.
12
Let r(y) = -81*y**3 - 12*y**2 - 7*y - 1. Let m be r(-1). Calculate the highest common divisor of m and 32850.
75
Let b be ((-330)/(-4))/(75/60). What is the highest common divisor of 150 and b?
6
Suppose 62*d - 119*d = -260661. Calculate the highest common factor of d and 1076.
269
Let g(d) = -d**3 + 13*d**2 + d - 7. Let h be g(13). Suppose -4*m + 4*x = -56, -3*m + h*m - 32 = x. What is the highest common divisor of 36 and m?
9
Let p(s) = -72*s - 811. Let r be p(-12). Calculate the highest common factor of 2279 and r.
53
Suppose 3*n - 505 = 452. Suppose -f = 2*j - 501, 0 = 3*j + 2*j - 5. Let i = f - n. What is the highest common divisor of i and 20?
20
Let v(t) = t**2 - 13. Let c(x) = x - 2. Let w be c(-3). Let s be v(w). Suppose 0 = s*o - 3*o - 2178. What is the highest common factor of 22 and o?
22
Let g(f) = -f**3 + 5*f**2 - 2*f - 2. Let y be g(3). Let c(o) = -o**2 + 19*o - 26. Let s be c(y). Calculate the greatest common factor of 192 and s.
64
Suppose -82 = -7*k + 86. Let i = 411 + -355. Calculate the greatest common divisor of i and k.
8
Let i = -700 + 491. Let r = i + 273. Calculate the greatest common factor of r and 48.
16
Let h(w) = -w**3 - 119*w**2 + 59*w - 7288. Let v be h(-120). Suppose 5*o = 4*d + 420, 4*d + 10 = -10. Calculate the greatest common divisor of o and v.
16
Suppose 2*g = -2*w + 114, 89 = 2*g + 9*w - 12*w. Suppose -4*s - 2*f + g = 0, -6 = 2*s - f - 28. What is the greatest common factor of 100 and s?
4
Let c(q) be the first derivative of -q**4/4 - 7*q**3/3 + 3*q**2 - 13*q - 111. Let s be c(-8). Calculate the highest common divisor of s and 1.
1
Let k = -1042 + 1144. Calculate the highest common factor of k and 27.
3
Let n = -387 - -707. What is the greatest common factor of 540 and n?
20
Suppose 24*h - 14*h + 3*h - 1235 = 0. Calculate the greatest common divisor of h and 50.
5
Suppose o = 6*o + 335. Let g = o + 145. Suppose 3*n + g = 5*n + l, 2*n - 4*l = 88. Calculate the highest common divisor of 8 and n.
8
Suppose 3*u - 1462 = 4*j, 1455 = 3*u + 11*j - 8*j. What is the greatest common factor of u and 8?
2
Let j = 43 - 21. Suppose -2*y - 171 = -3*t, y - t = -55 - 32. Let i be (-55)/4*-2*(-72)/y. Calculate the greatest common factor of i and j.
22
Let g = 9 + -20. Let j(z) = -z + 3. Let l be j(g). Suppose 0 = -4*x - 3*i + 625, -2*x + 32*i - 31*i + 305 = 0. What is the greatest common factor of l and x?
14
Suppose 6*j - 165 - 339 = 0. Suppose -4*c + 175 = 5*n - j, 4*n + 2*c = 206. Let h = 64 - n. What is the highest common factor of h and 169?
13
Let v(k) = -3*k**3 - 31*k**2 + 20*k - 18. Let t be v(-11). Let g be ((-3)/(33/(-110)))/(10/t). What is the greatest common factor of g and 4?
4
Suppose -2*x = y + 2*x - 6790, 5*y - 5*x - 33825 = 0. Calculate the highest common divisor of 10 and y.
10
Suppose -3*w + 4*a + 69950 = 0, 2*w = -25*a + 21*a + 46580. What is the highest common factor of 86 and w?
86
Let b be (8/(-12))/(1/(-6)). Let f be (70/(-40))/((-1)/16). Calculate the greatest common divisor of b and f.
4
Let x = -703 - -708. Suppose 5*m = m + 4*n + 2352, -x*m + 2950 = 5*n. Calculate the highest common factor of m and 19.
19
Let w = -3739 + 3829. What is the greatest common divisor of w and 6810?
30
Let w(b) = 1594*b - 7352. Let z be w(13). Calculate the greatest common factor of 280 and z.
70
Suppose 3*t + 3*a - 669 = 0, -305 = -2*t + 5*a + 155. What is the highest common divisor of t and 1200?
75
Let f = 25944 + -12236. What is the highest common factor of 23 and f?
23
Let r = 39 + -39. Suppose q - 2*w - w + 2 = r, 0 = 2*q - 4*w + 4. Let v be 54/6*(-2)/q. What is the greatest common divisor of 99 and v?
9
Let z be (-184)/(-10) - 2/5. Suppose 3*i - 234 = -5*p, -i = 210*p - 214*p + 177. What is the highest common factor of z and p?
9
Suppose 5*d = 11*d - 3264. Let w(c) = 11*c + 116. Let i be w(-9). Calculate the highest common factor of d and i.
17
Let p = -1775 - -1790. Calculate the greatest common factor of p and 2595.
15
Let j = 6489 - 6265. Let d = -244 + 404. Suppose -7*x = -2*x - d. Calculate the highest common factor of j and x.
32
Let s(z) be the first derivative of 387*z**2/2 + 9*z + 26. Let h be s(3). Suppose -14*d + h = -174. What is the highest common factor of 6 and d?
6
Suppose -28*l - 51*l + 102*l = 1012. Calculate the highest common factor of l and 9053.
11
Let r = 3404 + -1542. Calculate the highest common factor of r and 196.
98
Let y = 8767 + -8754. Let x be 443 - -1 - (3 + -1). Calculate the highest common factor of x and y.
13
Let b(k) = 2*k**3 - 153*k**2 + 236*k - 501. Let i be b(75). What is the highest common divisor of i and 7884?
108
Let k(c) = c**2 + 10*c - 18. Let h = -39 - -27. Let x be k(h). Suppose 378 = 2*v + 5*v. Calculate the highest common factor of v and x.
6
Let b be ((-42)/35)/(56/(-172900)). What is the highest common factor of 13 and b?
13
Let d = 67 + -39. Suppose -h + 0*h + d = 0. Let p = -44644 - -44646. What is the greatest common factor of p and h?
2
Suppose m - 35 = 3*i, 3*m + 2*i - i - 95 = 0. Suppose -t + 103 = -m. What is the greatest common divisor of 45 and t?
45
Suppose -2*k + k = 5*s - 136, -4*k + 498 = -3*s. Suppose -36 = -9*n + k. Calculate the greatest common divisor of 18 and n.
18
Suppose 0 = -4*a - d + 24, a - 3*d + 11 = 4. Suppose 9 - 63 = -3*j + a*v, 3*j - 84 = -5*v. Let y = -10 + j. What is the greatest common factor of y and 52?
13
Suppose -17*l - 374 - 2386 = -57*l. What is the greatest common divisor of 45 and l?
3
Let x be -52*2*1/(-4). Let l = -282 + 169. Let r = -9 - l. Calculate the greatest common factor of x and r.
26
Let r(c) = c**3 + 33*c**2 - 236*c + 86. Let m be r(-39). Calculate the greatest common divisor of 943 and m.
41
Let z(h) = -6*h**3 - h**2. Let p be z(-1). Suppose -3*i - 379 = 4*s, 526 = -3*i - i + p*s. Let k = i + 250. Calculate the greatest common factor of 11 and k.
11
Let x(w) = 3*w**2 + 2*w - 35. Let u be x(-10). Suppose q - 1 = -16 + 64. Calculate the greatest common factor of u and q.
49
Let n be (-2*(-4 - 1))/2. Suppose n*g = 10*g + 2*y - 62, 7 = g - 5*y. Calculate the highest common factor of 276 and g.
12
Let d = -41 + 73. Let h be 34/(-2) - 72/12. Let u = 103 + h. What is the highest common factor of d and u?
16
Let d = 242 - 226. Let y be (-2454)/(-9) - ((-30)/(-9))/5. Calculate the highest common divisor of y and d.
16
Let w be 51/1 - (-397 - -410). What is the greatest common factor of 94 and w?
2
Suppose 12*t + 24*t = -41*t + 22176. What is the highest common factor of 28 and t?
4
Let i(j) = -j**2 - 9*j + 7. Let o be i(-7). Let a(x) = 39*x - 12. Let z be a(-3). Let f be (-602)/z*9/((-2)/(-2)). What is the highest common factor of o and f?
21
Let h be 12/32 + (-221)/(-136). Let b be (-192)/(-36)*9/h. What is the greatest common factor of 120 and b?
24
Let d be (-23490)/(-648) + (-2)/8. Calculate the greatest common factor of 306 and d.
18
Suppose 1100*m + 5832 = 1118*m. Calculate the greatest common divisor of 12 and m.
12
Let k(i) = -i**3 + 44*i**2 + 19*i + 49. Let z be k(44). Calculate the highest common divisor of z and 413.
59
Suppose 15 = 3*y, -4*l - 3*y = l - 660. Let z = -5533 - -5506. Let f be l/z*-3 - (-6)/9. Calculate the greatest common factor of f and 5.
5
Let i be (60*-2)/(9/(-6)). Let u(s) = 118*s + 976.